12).
15
Let y(n) = -5*n + 19. What is y(-4)?
39
Let n(q) = 97*q + 387. Calculate n(-4).
-1
Let s(i) = -i**2 - 2*i + 4. Give s(-5).
-11
Let p(l) = -7*l**2 - 2*l. Determine p(-2).
-24
Let z(d) = -d**2 + 6*d + 49. Give z(10).
9
Let p(v) = v + 6. What is p(4)?
10
Let o(x) = -5*x**2 - 24*x + 9. Determine o(-5).
4
Let z(u) = -u**2 - 12*u + 4. Determine z(-9).
31
Let g(c) = -9*c**2 - 16*c - 1. Determine g(-2).
-5
Let w(d) = d**2 - 28. Determine w(0).
-28
Let i(s) = s**2 - 13*s + 18. What is i(13)?
18
Let k(y) = 2*y**2 + 81*y + 119. What is k(-39)?
2
Let x(s) = 2*s**2 + 4*s - 2. Calculate x(4).
46
Let t(j) = 11*j. What is t(-1)?
-11
Let l(a) = a**2 + 2*a - 11. Determine l(-5).
4
Let b(y) = -4*y + 111. What is b(17)?
43
Let g(o) = -2*o**3 + 3*o**2 - o + 2. Calculate g(3).
-28
Let c(q) = -q**3 + 8*q**2 + 4*q. Determine c(8).
32
Let y(b) = -2*b - 29. What is y(-16)?
3
Let m(p) = p**3 + 8*p**2 + 15*p + 19. Calculate m(-6).
1
Let l(t) = t**2 + 25*t + 99. What is l(-5)?
-1
Let v(y) = y**2 + 10*y - 1. Calculate v(-10).
-1
Let h(t) = 2*t**3 + t**2 + 2*t - 7. Determine h(-3).
-58
Let g(m) = m**2 + 11*m + 2. Calculate g(-10).
-8
Let z(y) = -y**3 + 19*y**2 + 2*y - 45. What is z(19)?
-7
Let n(d) = d**3 + 7*d**2 - 15*d - 36. What is n(-7)?
69
Let p(h) = -2*h + 3. What is p(4)?
-5
Let u(d) = -d**2 - 3*d - 3. What is u(-1)?
-1
Let a(q) = -q**3 + q**2 - 3*q + 37. What is a(4)?
-23
Let w(m) = 4*m - 32. Give w(14).
24
Let v(n) = 11*n - 99. What is v(9)?
0
Let t(s) = s**3 - s**2 - 2*s + 6. Determine t(0).
6
Let p(n) = -n**3 - 5*n**2 + n. Determine p(-4).
-20
Let j(y) = y + 17. Determine j(-4).
13
Let y(o) = 4*o - 6. Determine y(7).
22
Let q(b) = -b**3 - 17*b**2 + 44*b + 120. Give q(-19).
6
Let t(w) = 15*w + 146. Calculate t(-10).
-4
Let f(b) = 8*b**2 + 2*b + 1. Calculate f(-3).
67
Let z(g) = -g**2 - 25*g + 56. What is z(-27)?
2
Let t(z) = -z**3 + 5*z**2 + 3*z + 1. What is t(5)?
16
Let w(c) = c**3 + 6*c**2 - 13*c - 54. Determine w(-5).
36
Let c(m) = m**3 - 10*m**2 + 12*m - 8. Determine c(9).
19
Let o(z) = z**2 + 2*z - 60. What is o(7)?
3
Let o(p) = -4*p**2 + p - 4. Calculate o(3).
-37
Let f(w) = w - 18. Give f(7).
-11
Let j(g) = 3*g + 3. Give j(4).
15
Let r(y) = y**3 - 10*y**2 + 9*y + 2. Determine r(7).
-82
Let a(m) = m**3 - 10*m**2 + 9. What is a(10)?
9
Let w(h) = -2*h**2 + 10*h - 3. Give w(4).
5
Let y(m) = 76*m**2 - m - 1. Calculate y(1).
74
Let a(v) = 27*v**3 + v**2 + 4*v + 2. Give a(-1).
-28
Let k(a) = -a - 16. Determine k(-19).
3
Let t(s) = -s**2 - 9*s + 10. What is t(-11)?
-12
Let p(f) = -f**2 - 4*f - 16. Calculate p(0).
-16
Let o(x) = x**2 - 13*x - 16. Give o(14).
-2
Let k(z) = -2*z**3 + 6*z**2 - 6*z - 5. Calculate k(5).
-135
Let n(j) = j**2 + 14*j + 19. What is n(-10)?
-21
Let p(a) = -2*a + 13. Give p(8).
-3
Let s(p) = -4*p - 26. What is s(-5)?
-6
Let f(t) = -t**2 - 23*t + 48. What is f(-24)?
24
Let i(h) = -h**2 - 19*h - 14. Determine i(-18).
4
Let k(x) = -33*x - 232. Give k(-7).
-1
Let p(l) = 2*l**2 - 6*l - 6. Calculate p(6).
30
Let m(s) = -s**2 + 10*s - 14. Calculate m(4).
10
Let q(z) = -24*z. Give q(2).
-48
Let l(q) = 3*q**2 + 15*q + 8. Determine l(-6).
26
Let p(q) = -2*q + 24. Determine p(12).
0
Let n(u) = u**3 - 6*u**2 + 4*u + 5. Give n(6).
29
Let y(f) = -9*f - 75. Give y(-8).
-3
Let z(g) = g**3 - 14*g**2 - 17*g - 21. Determine z(15).
-51
Let c(h) = h**2 - 58*h - 387. Determine c(-6).
-3
Let j(l) = 5*l + 5. Give j(-5).
-20
Let f(n) = 12*n**2 + 5*n + 2. Determine f(-1).
9
Let t(n) = n**3 - 2*n**2 - 22*n + 8. Determine t(0).
8
Let p(i) = 4*i - 30. Calculate p(7).
-2
Let j(y) = -y**3 + 28*y**2 - 25*y - 44. What is j(27)?
10
Let c(d) = -2*d**2 + 20*d - 2. Give c(8).
30
Let t(z) = z - 1. Give t(0).
-1
Let c(d) = d**3 - 9*d**2 + 22*d - 13. What is c(4)?
-5
Let x(b) = 2*b**2 - 27*b - 5. Give x(12).
-41
Let f(w) = w**2 + 9*w + 7. What is f(-9)?
7
Let z(i) = 9*i + 1. Determine z(-3).
-26
Let r(p) = -p**3 + 13*p**2 - 36*p + 8. Calculate r(9).
8
Let k(y) = y**2 - 28*y + 15. What is k(14)?
-181
Let c(w) = w**3 + 15*w**2 + 30*w + 20. Give c(-13).
-32
Let v(k) = -2*k**2 - 6*k + 12. Calculate v(-6).
-24
Let y(x) = 10*x + 9. What is y(-5)?
-41
Let c(d) = -d**2 + 13*d + 281. Give c(24).
17
Let s(b) = b + 113. Give s(-33).
80
Let s(n) = -n**3 + 18*n**2 + 4*n - 62. What is s(18)?
10
Let z(x) = -x**3 + 5*x**2 + x. Determine z(6).
-30
Let z(c) = 20*c**2 + 2*c - 1. Calculate z(-2).
75
Let f(s) = -s**2 + 22*s - 29. What is f(20)?
11
Let o(a) = 2*a + 82. Give o(-26).
30
Let x(w) = w**3 - 7*w**2 - 10*w - 7. Give x(8).
-23
Let t(u) = -2*u - 24. Determine t(-13).
2
Let y(w) = -w - 15. Determine y(7).
-22
Let p(m) = -5*m**2 - 339*m + 73. Determine p(-68).
5
Let w(q) = -q**2 - q. Calculate w(-2).
-2
Let h(p) = p**2 - 2*p + 1. Determine h(4).
9
Let r(m) = -13*m - 198. What is r(-18)?
36
Let m(a) = a**3 + 5*a**2 - 3*a - 2. Give m(-7).
-79
Let l(c) = c**3 - 10*c**2 + 8*c + 5. Calculate l(9).
-4
Let y(w) = 2*w - 21. What is y(5)?
-11
Let c(l) = -l + 6. Calculate c(5).
1
Let r(k) = k - 69. Give r(-17).
-86
Let m(p) = -10*p**2 - 3*p + 1. What is m(-3)?
-80
Let t(f) = f**3 + 6*f**2 - 5*f. Determine t(-7).
-14
Let g(m) = -m**3 - 22*m**2 - 21*m - 1. Calculate g(-21).
-1
Let j(i) = -22*i**3 - i - 1. Give j(-1).
22
Let d(k) = -13*k**3 + k**2 - 3*k - 3. Give d(2).
-109
Let p(k) = -k**3 + 7*k**2 + 5*k - 2. Calculate p(8).
-26
Let f(j) = -14*j**2 + 26*j - 3. Calculate f(2).
-7
Let m(q) = -10*q - 61. Give m(-7).
9
Let k(v) = -v**2 + 10*v + 22. What is k(12)?
-2
Let q(v) = -14*v + 1. Give q(-3).
43
Let m(t) = -7*t**3 + t**2 - 2*t + 1. Calculate m(1).
-7
Let j(r) = -4*r**3 + 2*r**2 - 2. Give j(1).
-4
Let n(h) = -9*h - 26. Determine n(-8).
46
Let b(a) = -a**3 + 3*a**2 + a - 64. What is b(0)?
-64
Let h(a) = 4*a + 28. What is h(-8)?
-4
Let m(q) = -9*q + 42. Give m(5).
-3
Let p(a) = -12*a - 32. What is p(-9)?
76
Let n(a) = 2*a**2 - 3*a - 6. Determine n(4).
14
Let q(b) = -6*b + 13. What is q(-5)?
43
Let t(q) = -q**2 + 7*q - 6. Determine t(8).
-14
Let t(c) = 9*c**2 - 25*c - 7. Calculate t(3).
-1
Let t(v) = 16*v + 49. What is t(-3)?
1
Let r(c) = -c**2 + 11*c - 23. Calculate r(8).
1
Let t(i) = -i**2 - 9*i - 4. What is t(-4)?
16
Let k(u) = u**2 - u - 1. What is k(1)?
-1
Let h(v) = -2*v**2 + 19*v + 23. Give h(10).
13
Let b(u) = 8*u**2 - 12*u - 12. Give b(-1).
8
Let c(j) = -15*j + 58. What is c(5)?
-17
Let b(o) = -o**3 + 6*o**2 + 5*o + 6. What is b(7)?
-8
Let f(x) = x**3 + 2*x**2 - 5*x - 8. What is f(-3)?
-2
Let o(c) = -6*c**2 + 5*c + 8. Calculate o(3).
-31
Let t(j) = 5*j**2 + 10*j - 12. Calculate t(5).
163
Let o(t) = -t**2 - 10*t + 69. Calculate o(-15).
-6
Let k(n) = -6*n + 1. Calculate k(-1).
7
Let v(b) = 32*b - 2. Determine v(1).
30
Let q(n) = -2*n**2 - n + 5. Give q(5).
-50
Let h(w) = w**3 + 2*w**2 - 48*w - 4. Determine h(-8).
-4
Let k(j) = -5*j + 68. Calculate k(18).
-22
Let z(m) = -m**3 + 8*m**2 - 6*m + 1. What is z(7)?
8
Let u(s) = -39*s**2 + 6*s + 6. Calculate u(-1).
-39
Let q(g) = -3*g + 4. What is q(1)?
1
Let u(z) = -2*z**2 + 18*z - 1. Calculate u(7).
27
Let f(c) = -c**3 + 3*c**2 - 7*c + 22. What is f(3)?
1
Let q(k) = -9*k - 209. What is q(-24)?
7
Let n(z) = z**3 - 19*z**2 - 40*z - 52. Calculate n(21).
-10
Let k(b) = -2*b**2 + 29*b + 123. Calculate k(18).
-3
Let s(n) = n**3 + 11*n**2 + 10*n. What is s(-10)?
0
Let p(x) = x**3 - 13*x**2 + 23*x + 3. Determine p(11).
14
Let q(l) = l**2 - 5*l - 9. Determine q(6).
-3
Let j(p) = p**3 - 11*p**2 - 13*p + 3. What is j(12)?
-9
Let n(u) = -2*u + 18. What is n(10)?
-2
Let v(l) = 40*l - 121. Calculate v(3).
-1
Let r(f) = -13*f - 13. Determine r(6).
-91
Let q(t) = t**3 - 17*t**2 + 27*t + 34. What is q(15)?
-11
Let g(r) = 3*r + 5. Determine g(-3).
-4
Let b(c) = -c**2 - 13*c - 30. Determine b(-5).
10
Let n(h) = -h - 8. What is n(4)?
-12
Let a(g) = -g**2 - 7*g + 4. Give a(-7).
4
Let i(q) = -q**2 - 13*q + 1. Calculate i(-13).
1
Let t(r) = -2*r - 13. Calculate t(-6).
-1
Let a(u) = -5*u**3 + u**2 - u + 2. What is a(2)?
-36
Let k(u) = u**2 - 12*u + 9. Calculate k(10).
-11
Let d(b) = -b**3 + 5*b**2 + 10*b - 17. Determine d(6).
7
Let o(c) = c**3 + 12*c**2 + 21*c - 3. Give o(-10).
-13
Let p(d) = -d**3 - 8*d**2 + 4*d - 6. Give p(-8).
-38
Let p(v) = 2*v**2 - 3*v. Determine p(3).
9
Let n(l) = -2*l - 18. Give n(14).
-46
Let q(s) = -21*s - 1. What is q(-2)?
41
Let b(w) = w**3 + 